 of (-2)/w*(-6)/3?
4
Let v = 37 + -22. What is the tens digit of v?
1
Let b(s) = -s + 2. Let j be b(-6). What is the units digit of 76/j*1*2?
9
Let s = -9 - 2. What is the units digit of 4/(-22) + (-13)/s?
1
Let g(r) = 4*r - 1. Suppose -5*n = -3*a - 24, -a = -4*n + a + 18. Let o be g(n). Let v(u) = -u**3 + 12*u**2 - 8*u - 15. What is the units digit of v(o)?
8
Let n = 6 - 4. Let y be (4/2 - n) + 2. Suppose -4*i + 1 = y*z - 3, 0 = 4*z + 5*i - 11. What is the units digit of z?
4
Let d = 2 + 2. Suppose -c = -0*c - d. Suppose -c*a + 0 = -4. What is the units digit of a?
1
Let z(v) be the second derivative of v**5/20 - 3*v**4/4 + 7*v**3/6 + 11*v**2/2 + 3*v. Let b be z(8). Suppose 0 = -b*x + 25 + 5. What is the tens digit of x?
1
Let v be (8 + 2)*(-68)/(-10). Let x be (v/(-10))/(8/(-80)). Suppose x = 3*b + b. What is the tens digit of b?
1
Suppose 0*r - 4*r = -16. Suppose 5*z = 3*z - r. What is the units digit of 50/6 - z/3?
9
Suppose 52 = 2*g - 3*i, 5*i + 10 - 30 = -2*g. What is the units digit of g?
0
Let d(u) = -u - 1 + 0*u + 2 + 6*u**3 + 4*u**3. What is the tens digit of d(1)?
1
Suppose 0 = 2*a - 2*i - 0*i + 2, 0 = 4*a + i - 1. Suppose -g = 4*d - 26, 2*d - g = -a*g + 16. What is the units digit of d?
7
Let h(g) = -6*g**2 + g. Let i be h(1). Let m be (2 - 0)*i - -2. Let a = -6 - m. What is the units digit of a?
2
Suppose 8 = z + 2. Suppose a + z = 13. What is the units digit of a?
7
Let q = 57 + -32. What is the tens digit of q?
2
Let u be 6/9*27 + 2. Let b be 2/4*0 - -5. Suppose b = -3*w + u. What is the units digit of w?
5
Let y = -220 + 369. What is the hundreds digit of y?
1
Suppose -2*r + 22 = -2*p - 12, -4*r + p + 77 = 0. Suppose -5*y = 4*m - 0*m - 33, 2*y + 5*m = r. What is the units digit of y?
5
Let n be (-1050)/48 + (-1)/8. What is the units digit of (-156)/(-11) + 4/n?
4
Let y be 9/3*1/(-3). Let c(f) = -28*f**3 - f**2 + f + 1. What is the units digit of c(y)?
7
Let o(t) = t**3 - 2*t**2 - t - 2. Let n be o(3). Suppose -l = 4*v - 49, -v - n*l + 29 = -2. What is the tens digit of v?
1
Let a(n) = 3*n**2 - 2*n + 6. What is the tens digit of a(-3)?
3
Let b = -7 + 14. Let c = b - 3. What is the tens digit of (-2)/(c/(-30)) - 0?
1
Suppose -m + 118 = 2*m - n, -6 = -3*n. What is the units digit of m?
0
Let g(y) = 12*y - 6. Let v be g(-3). Let w = 65 + v. What is the tens digit of w?
2
Let k(c) = 2*c - 1. Suppose -2*y - 2 = 2. Let n be k(y). Let g = n + 8. What is the units digit of g?
3
Let y = 9 + -7. Suppose -s + 8 = -5*s, 0 = -y*z + 2*s + 24. What is the units digit of z?
0
Let i be 3/9*0 + 2. Let k(f) = -f**3 - 4 + 4 + 3*f**2 - i. What is the units digit of k(2)?
2
Let x(w) be the first derivative of -w**2 - 6*w - 3. Let j be x(-13). Suppose j = -3*k + 8*k. What is the units digit of k?
4
Suppose 0 = 2*n, 3*x + 2*n - 53 = 199. What is the tens digit of x?
8
Let o(c) be the second derivative of -c**3/6 + 2*c**2 + c. What is the units digit of o(-5)?
9
Let u = 9 + -12. Let k(l) = 3*l**2 - 4. What is the units digit of k(u)?
3
Let k be (-8)/12*-3*1. Suppose -3*b + 10 = k*b. Suppose b*t - 1 = t. What is the units digit of t?
1
Let c be (-6)/9*-24 - -3. Suppose o - c = -4. What is the tens digit of o?
1
Let q(s) = -7*s**2 - 2*s + 2. Let n = 7 + -5. Let h be q(n). Let y = h + 48. What is the tens digit of y?
1
What is the units digit of (-1 + (-515)/(-2))*(-4)/(-6)?
1
Let o = 16 + 45. What is the units digit of o?
1
Let x be (-4)/((-2)/(2 + 0)). Suppose -6*l + l = 0, -x*i = -l + 28. Let c = i + 19. What is the tens digit of c?
1
Suppose -6*t + 26 = -4*t. What is the tens digit of t?
1
Suppose -7*v + 8*v = 87. What is the tens digit of v?
8
What is the tens digit of 7/(-21) - ((-319)/3 + 0)?
0
Let g(v) = 27*v - 7. Let m(k) = 41*k - 11. Let w(f) = -8*g(f) + 5*m(f). Suppose -2*b = -0*b, q + 5*b = -1. What is the tens digit of w(q)?
1
Let w(h) be the second derivative of 37*h**5/20 + h**4/12 + h**3/6 - h**2/2 + 3*h. What is the tens digit of w(1)?
3
Suppose 0*w - 21 = -5*q - 2*w, 0 = 5*q + w - 23. Let r = q - 5. Suppose 2*b - 28 = -r*b. What is the units digit of b?
4
Let b be (2 - (0 + 3))*1. Let o(d) = 20*d**2 - d. What is the tens digit of o(b)?
2
Suppose -7 = 4*p + 25. What is the tens digit of (-106)/(-10) - p/20?
1
Let c(m) = m**2 + 5*m + 2. Let n be c(-5). Suppose n*b + g + 16 = -3*g, 28 = 4*b - 4*g. What is the units digit of 7 - (4 - b - 2)?
7
Suppose -10*i + 15*i - 1045 = 0. What is the hundreds digit of i?
2
Let z = -1 - -5. Suppose 4 = -4*p, 5*n + p + z*p - 20 = 0. Let f = 9 + n. What is the units digit of f?
4
Let k(s) = s - 1. Let t be k(5). Suppose 3*h = -h + t. What is the units digit of h*(7 + -1)*2?
2
Suppose 6*f + 225 = 9*f. What is the units digit of f?
5
Let l be (2 + 3)*42/15. Suppose -5*p - 34 = d - l, 0 = -4*d - 3*p - 29. Let j = -1 - d. What is the units digit of j?
4
Suppose 3*g - 2*o + 3*o = 51, -2*g - 5*o + 47 = 0. What is the units digit of g?
6
Suppose -3*p + 4*p = 2. Suppose 6*g - 32 = p*g. What is the units digit of g?
8
Let h = 26 - -9. What is the units digit of h?
5
Let r(t) be the second derivative of -t**5/20 + t**4/3 + t**3 + 7*t**2/2 - 3*t. What is the units digit of r(5)?
2
Suppose -40 = -3*z - 5*g, 3*z = g - 4 + 32. Let k(v) = -14*v - 3. Let y be k(3). What is the units digit of 52/9 - z/y?
6
Suppose -3*s + l - 3*l = -278, 0 = -5*s - l + 461. Suppose 5*o - s = 23. What is the units digit of o?
3
Let p(i) = -25*i**3 - 2*i**2 - 3*i - 2. What is the tens digit of p(-1)?
2
Let q(h) be the first derivative of h**4/4 - 2*h**3/3 + h**2 - 2*h - 1. Let f be q(2). Suppose 0 = f*r - 4*r + 12. What is the units digit of r?
6
Let l = 556 + -305. What is the hundreds digit of l?
2
Suppose 5*a - 117 = -22. What is the units digit of a?
9
Let q be (-9)/(-2) - 2/(-4). Suppose a + a + 4*x - 16 = 0, 4*x = q*a - 26. What is the units digit of a?
6
Suppose r - 42 + 0 = 0. What is the tens digit of r?
4
Let m(c) = -c + 5. Let h be m(4). Let d be (0 + -1 + h)/(-2). Suppose d = 2*y - y - 8. What is the units digit of y?
8
Suppose 11 = 4*g - 5. Suppose -g*f = -2*c - 1 - 11, 0 = -5*c + 2*f + 2. Suppose -3*q + 70 - 29 = c*l, l - 4 = 0. What is the units digit of q?
1
Let r = 66 - 40. What is the tens digit of r?
2
Let g = -10 + 13. Suppose -3*d = -g - 75. What is the tens digit of d?
2
Let q = 45 + -15. What is the tens digit of q?
3
Suppose -r = 8 - 27. What is the tens digit of r?
1
Let i be (124/(-16))/((-2)/8). Let n = i - 7. What is the units digit of n?
4
What is the units digit of 221/7 - 4/7?
1
Suppose 4*s - 5*p = -18 + 73, 3*s = -3*p + 48. Let w = s - 7. What is the units digit of w?
8
Let n(h) = -h**2 - 8*h - 7. Let a be n(-5). Suppose -3*j - j + a = 0. Suppose -j*t + t = -1. What is the units digit of t?
1
Suppose -3*s - 24 = -5*q, 16 = 3*q + 4*s - 10. Suppose q*b + 24 = 2*b. Let v(x) = -x**2 - 7*x - 1. What is the units digit of v(b)?
5
What is the tens digit of 169 - (-3 + 4) - 0?
6
Let l(w) = -2*w**2 - 2*w + 2. Let a be l(-2). Let n = 5 + a. Suppose 22 + 8 = 5*p + 2*i, n*p - 39 = 3*i. What is the units digit of p?
8
Suppose -2*h - 3 = w, 2*h = -2*w - 8 + 2. Let g(o) = -o**2 - 4*o - 3. Let q be g(w). Suppose q = -2*y + y + 1. What is the units digit of y?
1
Suppose 7*p + 57 = 260. What is the units digit of p?
9
Let v be 4/6 - (-4)/(-6). Suppose 2*g - i - 36 = v, 0*g = -3*g - 5*i + 41. What is the units digit of g?
7
Let b be 2 - 9/(-3)*1. Suppose k - 14 = -3*g, b*g = 5*k - 0*g + 10. Suppose 10 = k*q, -2*q - 3 = -3*m - 7. What is the units digit of m?
2
Let s be (-36)/(-8)*(-2)/3. What is the units digit of (-25)/(-3) - (-1)/s?
8
Let s = -89 + 127. What is the tens digit of s?
3
Suppose 11 = -3*v - 7. Let z = v - -8. What is the units digit of z?
2
Let w be -10*2/(-12)*3. Let c(o) = -o**2 + 5*o + 2. What is the units digit of c(w)?
2
Let l = -193 + 328. What is the hundreds digit of l?
1
Let y be ((-1)/(-2))/(1/(-80)). What is the tens digit of (68/5)/((-16)/y)?
3
Suppose -10*l - 181 = -561. What is the tens digit of l?
3
Let p(q) = q**2 - q + 2. Suppose -a = -0*a. Let l be p(a). Suppose -l*d + 1 = -5. What is the units digit of d?
3
Suppose -5*n + 2*n = 0. Let r(v) = -v**2 - 10*v - 8. Let t be r(-6). Suppose -p - p + t = n. What is the units digit of p?
8
Suppose o - 15 = -2*o. Suppose -o*n = 5*k + 35, n + k = -2*n - 1